14*r**2 - 2*r - 24. Give l(-14).
4
Let z(g) = -2*g**2 - 9*g - 6. What is z(-4)?
-2
Let q(i) = 5*i - 200. Give q(41).
5
Let z(b) = 2*b + 31. Determine z(0).
31
Let l(s) = s**3 - 25*s**2 + 2*s - 48. What is l(25)?
2
Let h(b) = -b**3 + 28*b**2 - 20*b - 208. Calculate h(27).
-19
Let t(v) = v**2 + 10*v + 9. Determine t(-8).
-7
Let b(u) = -20*u + 15. Calculate b(4).
-65
Let o(n) = -n**2 - 10*n + 4. What is o(-10)?
4
Let o(l) = -2*l**3 - 6*l**2 - 19*l - 114. Give o(-4).
-6
Let n(v) = v**3 + 7*v**2 - 2*v - 5. Calculate n(-8).
-53
Let r(f) = -f**3 + 2*f**2 + 3*f + 1. Give r(-2).
11
Let o(y) = y**2 + 4*y - 12. Calculate o(4).
20
Let t(b) = 3*b - 1. What is t(-1)?
-4
Let g(u) = 3*u**3 + 45*u**2 - 7. What is g(-15)?
-7
Let i(s) = -s**2 + 9*s + 7. Calculate i(9).
7
Let m(s) = s**3 - 24*s**2 + s - 17. Calculate m(24).
7
Let w(g) = -41*g + 11. Calculate w(1).
-30
Let m(w) = -w**2 + 23*w + 240. What is m(-8)?
-8
Let q(t) = -12*t + 2. Determine q(1).
-10
Let k(v) = -4*v**2 + 4*v + 5. Determine k(4).
-43
Let n(j) = -j**2 - 40*j - 71. Give n(-38).
5
Let c(z) = 17*z - 4. What is c(0)?
-4
Let q(k) = -k**3 + 2*k**2 - k - 1. Give q(3).
-13
Let y(f) = 3*f**2 + 6*f - 3. Calculate y(3).
42
Let g(k) = -5*k - 18. Determine g(-4).
2
Let m(j) = -3*j**2 + 8*j - 10. Calculate m(4).
-26
Let v(r) = -r**2 - 12*r - 27. Give v(-10).
-7
Let n(m) = -3*m - 9. Give n(-4).
3
Let a(l) = -10*l**2 - l. Give a(2).
-42
Let w(h) = -h**2 + 7*h + 1. What is w(7)?
1
Let b(d) = 9*d**2 + 10*d - 2. Determine b(-3).
49
Let u(x) = x**2 - 11*x + 3. What is u(10)?
-7
Let v(j) = 10*j**2 - 5*j + 3. Give v(1).
8
Let s(q) = -q**2 - 3*q - 21. Calculate s(-6).
-39
Let v(a) = a**3 - a**2 - 8*a + 7. Determine v(3).
1
Let a(k) = 3*k - 7. Give a(-3).
-16
Let q(o) = o**3 + 5*o**2 - 17*o - 10. Calculate q(-7).
11
Let p(n) = 4*n + 108. Calculate p(-27).
0
Let m(a) = -a**2 + 3*a + 5. What is m(4)?
1
Let p(c) = 10*c - 16. Determine p(2).
4
Let o(f) = f**3 + 6*f**2 - f + 9. Determine o(-6).
15
Let h(q) = -52*q**3 - 2*q**2 + q + 2. Determine h(-1).
51
Let x(z) = -4*z**3 + 3*z**2 - z. Calculate x(2).
-22
Let a(g) = g**3 - 5*g**2 + 1. Give a(4).
-15
Let w(f) = 5*f + 23. Calculate w(5).
48
Let a(i) = 4*i + 94. Calculate a(-26).
-10
Let d(z) = 2*z - 15. Determine d(11).
7
Let x(y) = 9*y + 7. Calculate x(-4).
-29
Let j(y) = -y**2 + 2*y - 2. What is j(-2)?
-10
Let i(o) = -o**2 - 2*o - 2. What is i(3)?
-17
Let t(s) = -s**2 + 4*s - 6. Calculate t(4).
-6
Let k(i) = -i**3 + 13*i**2 - 10*i - 23. What is k(12)?
1
Let m(l) = -l**2 + l + 238. Determine m(-15).
-2
Let x(y) = y**3 + 7*y**2 + 5*y - 2. Give x(-4).
26
Let m(p) = -p**3 - 5*p**2 + 5*p - 18. What is m(-6)?
-12
Let f(j) = -3*j + 74. Calculate f(6).
56
Let d(h) = h**2 + 11*h - 8. Calculate d(-12).
4
Let y(z) = -z**3 + 21*z**2 + 2*z - 43. Give y(21).
-1
Let g(z) = -z**2 - 8*z - 7. Calculate g(-11).
-40
Let g(o) = o**2 + 27*o + 178. Give g(-16).
2
Let p(z) = 18*z + 85. Determine p(-3).
31
Let d(s) = s**2 - 10*s + 13. Give d(11).
24
Let i(s) = -7*s - 35. Give i(-4).
-7
Let m(w) = -w**3 + 13*w**2 - 12*w. Give m(12).
0
Let t(k) = -k**2 + 6*k + 22. Determine t(9).
-5
Let w(f) = -2*f**2 - 9*f + 5. Give w(-5).
0
Let l(o) = -o**3 - 5*o**2 - 4*o + 5. Determine l(-4).
5
Let m(i) = -40*i**2 - 3*i - 2. Determine m(-1).
-39
Let o(p) = 12*p - 10. Calculate o(3).
26
Let y(t) = -t**3 - 5*t**2 + 11*t - 7. Calculate y(-7).
14
Let k(j) = -j**3 + 2*j**2 - 6*j + 9. What is k(2)?
-3
Let i(d) = 109*d + 768. Determine i(-7).
5
Let t(z) = -z**2 - 35*z - 14. What is t(-35)?
-14
Let s(z) = 8*z**2 - z. Give s(1).
7
Let i(x) = 11*x - 5. Determine i(2).
17
Let c(j) = j**3 + 8*j**2 + 16*j + 6. Determine c(-5).
1
Let w(i) = 2*i**2 - 9*i + 12. Calculate w(4).
8
Let o(b) = -4*b + 105. What is o(27)?
-3
Let p(d) = -d**3 + 2*d**2 + 6*d + 5. Calculate p(-2).
9
Let t(n) = 2*n**2 - 26*n + 65. Determine t(10).
5
Let n(t) = 19*t - 9. Determine n(-5).
-104
Let z(q) = q**3 + 7*q**2 - 11*q + 9. Determine z(-7).
86
Let k(c) = c**3 - 9*c**2 + 14*c - 17. Give k(8).
31
Let x(t) = t**2 + 10*t - 18. What is x(2)?
6
Let k(o) = o**3 - 9*o**2 - 24*o + 29. Give k(11).
7
Let w(q) = q**3 + 11*q**2 + 26*q - 16. Determine w(-7).
-2
Let b(w) = -w**2 - 18*w + 119. Give b(5).
4
Let q(p) = p**2 + 5*p + 6. What is q(-5)?
6
Let r(d) = 4*d**3 + 2*d**2 - 2. Give r(-2).
-26
Let x(f) = 9*f - 4. Determine x(1).
5
Let k(o) = -o**2 - 15*o + 4. Calculate k(-15).
4
Let h(x) = -10*x**3 - 5*x + 5. Determine h(1).
-10
Let q(v) = -21*v. Determine q(-7).
147
Let x(j) = j**2 - 13*j + 1. Give x(8).
-39
Let p(q) = q**3 + 8*q**2 + 5*q - 6. Calculate p(-7).
8
Let c(s) = 8*s**3 + 2*s**2 - 3*s + 2. Calculate c(1).
9
Let b(l) = l**3 + 3*l**2 - 30*l - 6. What is b(-7)?
8
Let k(j) = j + 2. Determine k(7).
9
Let x(f) = -10*f - 60. What is x(-6)?
0
Let v(f) = -15*f + 79. Give v(5).
4
Let p(q) = -39*q**3 + 2*q**2 - 2*q + 1. What is p(1)?
-38
Let r(y) = -3*y**2 + 32*y - 11. Give r(10).
9
Let w(k) = -k**2 - 15*k - 13. Calculate w(-12).
23
Let v(u) = -14*u**2 - u - 1. Give v(-2).
-55
Let q(m) = -12*m. Give q(-5).
60
Let r(b) = 23*b + 271. Give r(-12).
-5
Let r(x) = 6*x - 14. What is r(-5)?
-44
Let a(m) = -16*m**2 - 3*m - 2. Calculate a(-1).
-15
Let x(q) = -4*q - 21. Give x(-3).
-9
Let v(z) = z**3 + 4*z**2 - 14*z - 10. What is v(-6)?
2
Let y(d) = d**2 - 3*d - 7. Determine y(6).
11
Let z(u) = -u**3 - 20*u**2 - 19*u - 18. Give z(-19).
-18
Let c(v) = v**3 - 4*v**2 - v. What is c(4)?
-4
Let i(p) = p**3 + 7*p**2 - 10*p - 24. Calculate i(-8).
-8
Let y(f) = -f**2 + 8*f + 12. Calculate y(10).
-8
Let u(f) = f**2 + 10*f + 4. Determine u(-9).
-5
Let u(p) = p**3 + 9*p**2 + 21*p + 2. Give u(-5).
-3
Let g(f) = 26*f - 1. What is g(1)?
25
Let c(z) = 48*z - 45. Give c(1).
3
Let p(i) = -2*i**2 + 24*i - 40. Calculate p(10).
0
Let j(t) = 5*t + 98. Give j(-24).
-22
Let j(x) = 13*x**3 + 2*x**2 + 2*x + 1. Determine j(-1).
-12
Let v(r) = 8*r - 126. Determine v(15).
-6
Let o(x) = x**3 - 9*x**2 - 8*x - 23. Determine o(10).
-3
Let r(a) = a**2 - a - 7. Give r(3).
-1
Let m(a) = -2*a - 38. Calculate m(10).
-58
Let r(i) = -i**3 + 17*i**2 + 17*i + 15. Determine r(18).
-3
Let y(l) = -2*l**3 + l + 15. What is y(3)?
-36
Let a(i) = i**3 + 11*i**2 - 2*i - 12. Determine a(-11).
10
Let x(s) = 5*s + 21. What is x(-13)?
-44
Let x(f) = -f**2 + 36*f + 291. Determine x(43).
-10
Let g(z) = -z**2 + 5*z + 5. Calculate g(4).
9
Let v(p) = p**3 + 29*p**2 + 56*p + 42. Calculate v(-27).
-12
Let a(t) = 4*t + 4. Determine a(-3).
-8
Let o(w) = -w**2 + 13*w + 93. What is o(18)?
3
Let j(x) = x**3 - x**2 - 2*x - 44. Give j(0).
-44
Let x(t) = -t**2 - 6*t + 5. Determine x(-6).
5
Let b(i) = -8*i + 3. Determine b(-1).
11
Let f(g) = -4*g**3 - g**2. What is f(-2)?
28
Let g(a) = 15*a + 46. Calculate g(-4).
-14
Let z(k) = 2*k**2 + 4*k - 2. Give z(4).
46
Let i(x) = 6*x**2 + 5*x + 6. Give i(-1).
7
Let r(f) = f - 14. Give r(6).
-8
Let n(l) = l**3 + 39*l**2 + 2*l + 67. Calculate n(-39).
-11
Let c(x) = 2*x + 18. Calculate c(-11).
-4
Let p(t) = -t**3 - 5*t**2 + 14*t + 47. Determine p(-6).
-1
Let a(h) = -4*h + 9. Give a(6).
-15
Let l(w) = -6*w**3 - 2*w - 1. Determine l(2).
-53
Let h(m) = -m**2 - 9*m - 18. Calculate h(-6).
0
Let r(i) = i**3 - 17*i**2 + 13*i + 11. Determine r(16).
-37
Let m(d) = -5*d**2 - 113*d + 46. Determine m(-23).
0
Let x(o) = o**2 - 6*o - 9. Determine x(13).
82
Let m(i) = -i**3 - 4*i**2 + 2*i + 2. Determine m(-5).
17
Let h(c) = 19*c + 51. Calculate h(-3).
-6
Let u(h) = -12*h - 97. Calculate u(-7).
-13
Let v(d) = 2*d - 9. Give v(4).
-1
Let q(w) = -5*w**3 + 2*w**2 - w. Give q(2).
-34
Let j(d) = -2*d**2 - 13*d - 6. Calculate j(-6).
0
Let x(o) = o**3 + o**2 + o - 1. Give x(1).
2
Let y(a) = -2*a**2 + 2*a - 7. What is y(4)?
-31
Let b(k) = 4*k**2 - 3*k - 3. What is b(-3)?
42
Let t(y) = 13*y - 122. Give t(9).
-5
Let v(l) = 8*l - 4. Determine v(1).
4
Let q(a) = a**3 - 10*a**2 + 10*a - 7. Give q(9).
2
Let r(k) = 2*k**2 + 7*k - 11. Give r(-8).
61
Let v(j) = -6*j**3 + j - 2. Determine v(1).
-7
Let d(g) = g**3 - 11*g**2 + 7*g - 9. What is d(10)?
-39
Let q(g) = 3*g**2 + 1. What is q(-2)?
13
Let w(c) = -c**2 - 10*c + 10. What is w(-9)?
19
Let j(i) = i**3 + 22*i**2 - 25*i - 47. Give j(-23).
-1
Let h(w) = -w**2 - 14*w + 4. What is h(-11)?
37
Let q(m) = m**2 + 11*m - 19. Calculate q(-12).
-7
Let r(b) = -b**3 - 6*b**2 - b - 3. What i